e the remainder when c is divided by y(-4).
8
Let k(t) = -t**3 - t**2 + 8. Suppose -5*p = -10*p + 140. Suppose 114 = 5*r + u, -r - u + p = -6*u. Calculate the remainder when r is divided by k(0).
7
Let b(z) = z**3 - 12*z**2 + 8*z + 36. Calculate the remainder when b(15) is divided by 49.
47
Let r = 50 - 33. Suppose -r*q = -10*q - 98. What is the remainder when 111 is divided by q?
13
Let w = 29 + -9. Let a = -778 + 764. Let f = w + a. Calculate the remainder when 23 is divided by f.
5
Calculate the remainder when 177 is divided by 808/14 - (-1)/((-35)/(-10)).
3
Let b(l) = 14*l**2 - l. Suppose -2*j - j - 3 = 0. What is the remainder when (-330)/(-8) - 95/76 is divided by b(j)?
10
Let l(f) be the first derivative of 9/2*f**2 + 2*f + 5. What is the remainder when l(4) is divided by 10?
8
Let d(o) = 11*o**2 - o + 1. What is the remainder when d(-3) is divided by (-2509)/(-91) + 4/(-7) + -1?
25
Let r(k) = 2*k + 11. Let t be r(0). Let a = t - -7. What is the remainder when ((-300)/a)/(2/(-6)) is divided by 26?
24
Suppose 6*c - 30 = -0*c. Suppose 0*l - 5*l + 35 = -c*b, -4*l - b = -3. What is the remainder when 4 is divided by l?
0
Let a(d) = -d**3 + 7*d**2 - 3*d - 3. Let i(x) = x**3 + 5 - 2*x - 7*x - 962*x**2 + 952*x**2. What is the remainder when i(11) is divided by a(6)?
12
Suppose -50 = -17*q + 52. Calculate the remainder when 369 is divided by q.
3
Let o(p) = 19*p**2 - p + 6. Let d be (10 - (10 - 5)) + -3. Calculate the remainder when o(d) is divided by 30.
20
What is the remainder when (60/36)/(15/9)*277 is divided by 47?
42
Suppose z + 0*z = 4*f + 12, -2*z + 4*f + 20 = 0. Let c = -10 - -30. What is the remainder when c is divided by ((-44)/6)/(z/(-12))?
9
Suppose 4*g + 0 - 4 = 0, 0 = -2*c + g - 51. Suppose 92*f = 102*f - 290. What is the remainder when f is divided by ((-2)/5)/(1/c)?
9
Let l(j) = j**3 - 10*j + 17. Let d be l(5). Suppose -5*f = -f - d. Calculate the remainder when f is divided by 8.
7
Let y(c) = -4 + 4 - c**2 - 1 + 5 - 3*c. Let f be y(3). What is the remainder when (-16)/(-56) - 290/f is divided by 12?
9
Suppose 23*q - 16343 - 6243 = 0. Calculate the remainder when q is divided by 24.
22
Let q(v) = -v**3 - 3*v**2 - 18*v - 19. What is the remainder when 132 is divided by q(-3)?
27
Let k(q) = -3*q + 9. Let h(l) = 2*l - 21. Let t be h(9). Calculate the remainder when k(t) is divided by 4.
2
Suppose -15 = -5*u + 5*g, 2*u + 2*g = -0*u + 6. Suppose -3*k + u = -2*k. Suppose k*s - 14 = 2*s. What is the remainder when s is divided by 4?
2
Suppose -5*a + 2*p - 66 = 37, 5*a = -3*p - 83. Let j = -11 - a. Suppose j + 20 = 4*f. What is the remainder when 26 is divided by f?
5
Suppose 8 = -5*y - 12. Let f = 62 + -64. Calculate the remainder when f*(1 + 90/y) is divided by 9.
7
Let w = 14 + 24. What is the remainder when 3/33*2070 + (-6)/33 is divided by w?
36
Let j be (6/12)/(1/(-15014)). Let c = -3993 - j. Calculate the remainder when 2/(-10) - c/(-70) is divided by 17.
16
Suppose 0 = -3*m + 3*v - 13 - 8, -3*m - 4*v + 7 = 0. Let n be 1266/(-14) - m/7. What is the remainder when 1 + (-1)/(2/n) is divided by 12?
10
Let q be 2*22/33*14*3. Suppose 17*d - q = 9*d. Calculate the remainder when d is divided by 2.
1
Let d(g) = -22*g - 97. What is the remainder when d(-10) is divided by 25?
23
Suppose 68*i - 640 - 1196 = 0. What is the remainder when 44 is divided by i?
17
Calculate the remainder when 146 is divided by (2/(-5))/(4/800*-8).
6
Suppose 0 = -22*q + 33*q - 143. What is the remainder when 76 is divided by q?
11
Suppose -5*p = -5*v + 275, p - 336 = -5*v - 55. Suppose 0*a - 2*a + 5*g = -30, 2*g - 24 = -a. What is the remainder when v is divided by a?
16
Let i(x) = 12*x - 155. What is the remainder when i(22) is divided by 37?
35
Suppose -2*u - 2*u + 323 = 3*b, 258 = 3*u - 3*b. What is the remainder when u is divided by 14?
13
Suppose 2*m - 5*m + 270 = 0. Suppose -2*b = 3*b - m. Suppose 0 = -2*d - 2*d + 28. What is the remainder when b is divided by d?
4
Suppose 19*l - 638 = 122. Suppose -5*d = 27 - 97. Calculate the remainder when l is divided by d.
12
Let r be (0 + 0)/(0 + -1). Suppose -78 = -2*v - r*v. Calculate the remainder when v is divided by (14/(-5))/(1/(-5)).
11
Let c = -145 + 225. Let d = 125 - c. Calculate the remainder when 132 is divided by d.
42
Let a = -245 + 260. Calculate the remainder when 597/7 + 2/(-7) is divided by a.
10
Suppose 0 = -c + 4*c - 15. Suppose c*f - 154 = -2*f. Calculate the remainder when 43 is divided by f.
21
Let m(i) = -18*i - 229. Calculate the remainder when m(-22) is divided by 34.
31
Let x(v) = 6*v + 36. Let g be x(-6). Suppose 0 = 2*r - u - 212, r + 2*u - 23 - 78 = g. What is the remainder when r is divided by 27?
24
Suppose -m + 0*m - 3 = -5*w, 5*m = 2*w + 8. Calculate the remainder when 29 is divided by (-99)/(-6) - w/(-2).
12
Let p = 6 - 24. Let j be p/3*(0 - 5). Suppose j*k = 26*k + 44. What is the remainder when 21 is divided by k?
10
Let l(k) = -139*k - 390. Suppose 0 = -r + 1 + 1. Suppose -7*x = -r*x - 50. Calculate the remainder when l(-3) is divided by x.
7
Let o(x) = 4*x**2 - 10*x + 34. What is the remainder when o(6) is divided by 57?
4
Let o = -984 - -1014. Calculate the remainder when 352 is divided by o.
22
Suppose -3*l - q = -568, -4*l - 4*q = 251 - 1019. What is the remainder when l is divided by 10?
8
Suppose -1450 = -7*j + 2*j. Let z = -201 + j. Calculate the remainder when z is divided by 10.
9
Suppose 6*t - 2*t = -36. Let z be 1 + 7 + (-12 - t). Suppose -57 = -z*v + 8. What is the remainder when v is divided by 8?
5
Calculate the remainder when 28/21 + 8824/24 is divided by 31.
28
Suppose 5*v + 2 = -3, 4*v = 3*u + 473. Let s = u - -168. Calculate the remainder when s is divided by 3/(-2)*(-8)/3.
1
Suppose -5*q - 5*l + 78 = -177, q - 3*l - 35 = 0. Calculate the remainder when q is divided by 11.
3
Let i = 2486 - 2251. Calculate the remainder when i is divided by 44.
15
What is the remainder when 12/((-2)/(-1)) + 18 + 36 is divided by 28?
4
Let y(v) = 4*v**3 - 2*v**2 + 4*v - 3. Suppose -3*t + 0*a - 24 = -4*a, -t - 6 = -2*a. Calculate the remainder when y(3) is divided by (-3)/(t/25)*4.
24
Let p be 4/(-26) + 1734/(-221). Let z = -3 - p. Suppose -13 = -2*c - z*u, -2*u + 10 - 2 = c. Calculate the remainder when c is divided by 5.
4
Let k(q) = -255*q - 17. What is the remainder when k(-2) is divided by 13?
12
Suppose 0 = -3*w + 5*w + 52. Suppose -152 = -3*c - c. Let i = c + w. What is the remainder when 21 is divided by i?
9
Suppose -4*k + 105 = 3*k. Calculate the remainder when 43 is divided by 192/(-60)*k/(-2).
19
Suppose -4*t + 0*t - 4*j = -288, 0 = 5*t + j - 348. Suppose 0 = -143*o + 144*o - 24. Calculate the remainder when t is divided by o.
21
Let f be ((-5)/(45/219))/((-1)/(-3)). Let y = 163 + f. Suppose -3*q - 4*d + 58 = -q, 3*d - 9 = 0. What is the remainder when y is divided by q?
21
Let l = 58 + -20. Let n = -247 - -392. Calculate the remainder when n is divided by l.
31
Suppose 6240 = 1022*j - 1012*j. Calculate the remainder when j is divided by 57.
54
Suppose 269 - 54 = 5*w - 5*s, 5*w - 219 = 4*s. What is the remainder when w is divided by 8?
7
Let p(n) = 6*n - 71. What is the remainder when 69 is divided by p(15)?
12
Suppose -t - 32 = -4*b + 3*t, 0 = -4*t + 12. What is the remainder when 51 is divided by b?
7
Let p = -1131 - -1151. Calculate the remainder when p is divided by 2.
0
Let d(z) = z**3 + 10*z**2 + 5*z - 12. Let a(w) = 3*w - 39. Let l be a(11). Calculate the remainder when d(l) is divided by 21.
18
Let z be (-78)/182 - 636/(-14). Let a = 3 + -1. What is the remainder when a is divided by ((-75)/z)/((-10)/12)?
0
Let t = 8 - 12. Let c be t/(-18) + (-220)/18. Let z = -8 - c. What is the remainder when 11 is divided by z?
3
Let t(k) = -k**2 - 9*k - 6. Let a = 14 + -20. Let f be t(a). Suppose 12 = 4*z, -f = -5*n + 3*z + 9. Calculate the remainder when 22 is divided by n.
4
Let y = 81 - 3. Calculate the remainder when 224 is divided by y.
68
Let o(l) = l**2 - 7*l - 76. Let n = 27 + -19. Calculate the remainder when o(-7) is divided by n.
6
Let d(w) = -3*w**2 - 8*w + 4. Let b be d(-8). Let u = -98 - b. What is the remainder when 155 is divided by u?
25
Let l = 816 + -683. What is the remainder when l is divided by 121?
12
Let l = -100 - -57. Let w = 84 + l. Calculat